 is the units digit of t?
8
Suppose -1468453 = -69*g + 4*g + 2859507. What is the tens digit of g?
8
Let h be 6 + (0 - (-6)/(-2)). Suppose h*l + 2*r = -2262, -2*l + 5*r - 1489 = -0*l. What is the units digit of l/(-3) - (-1)/3?
1
Suppose -859 - 2101 = 185*s. Let i be (2/(-6))/(3/(-9)). What is the units digit of (s - 3)/(i/(-12))?
8
Let a(u) = -u**3 - 9*u**2 + 4. Let l be a(-9). Suppose -3*v + l*h = 1 + 19, -v - 4*h + 4 = 0. What is the units digit of 9*((-16)/(-12) - v)?
8
Suppose -46040 = -17*l + 574. What is the thousands digit of l?
2
Let p(o) = 46*o + 10415. What is the units digit of p(130)?
5
Let g(x) = 2*x**2 - 29*x + 146. Let a be g(5). What is the hundreds digit of (17/(a/4))/((-2)/(-939))?
6
Let x(q) = -q**3 + q - 144. Let k be x(0). Let b be (-32)/k + 61/9. Let a = b + 221. What is the units digit of a?
8
Suppose 12884 = -12*a + 108320. Suppose 194*d = 183*d + a. What is the tens digit of d?
2
Let s(n) = 456*n**2 + 61*n + 855. What is the thousands digit of s(-10)?
5
Let i be (1 - -668) + (1 - 6). Let t = i - -281. What is the tens digit of t?
4
Suppose -3*n - 10 = -y, y + y - 2*n - 12 = 0. Suppose 4*s - 25 = -s, -4*s + 140 = y*g. Suppose u + 2*l - 3 = 7, -g = -2*u - 2*l. What is the units digit of u?
0
What is the thousands digit of ((-368)/(24/3))/(24/102)*-408?
9
Let o(r) = 4662*r - 6055. What is the tens digit of o(7)?
7
Let b(s) = 12*s**2 - 6*s - 35. Let l = 166 + -172. What is the hundreds digit of b(l)?
4
Let m(l) = l + 2. Let s be m(-22). Let n be 6*(1/(-3) - s/24). Suppose -n*k - 5*o = -k - 156, -372 = -4*k + 5*o. What is the units digit of k?
8
Let u(o) = 37*o**2 - 70*o - 128. What is the hundreds digit of u(-8)?
8
Suppose 0 = 3*w - 4*i + 912, 0*w - 3*w - i - 897 = 0. Let h = 314 + w. What is the tens digit of h?
1
Let o be ((-3)/2 - -1)/(22/(-3 + -13769)). Let y(t) = -144*t + 1. Let g be y(-3). Suppose -2*z + o = 5*b, -54 - g = -3*z - 4*b. What is the hundreds digit of z?
1
Suppose -a - 16 = 1. Let l = a + 9. Let k(f) = -f**3 - 8*f**2 - 5*f - 15. What is the units digit of k(l)?
5
Let u = 49 - 45. Suppose -l - u*l = -4*s - 1207, 2*s + 482 = 2*l. What is the hundreds digit of l?
2
Suppose 736728 = -18*y - 19*y + 61*y. What is the units digit of y?
7
Let r be (-212832)/(-45) - (-6)/15. Suppose 4*k - r = -18*k. What is the units digit of k?
5
Let i = 66 - 54. Suppose 3*u + u = i. Suppose -b + 112 = -5*o, 586 = u*b + 2*b + o. What is the units digit of b?
7
Suppose 1866*q - 1869*q = -66522. What is the thousands digit of q?
2
Let d be (-1394)/(-68)*(1 + 21). Let v = 1085 - d. What is the units digit of v?
4
Let l(w) = -9*w**3 + 5. Let j(r) = -27*r**3 + 14. Let t(k) = -4*j(k) + 11*l(k). What is the units digit of t(2)?
1
Suppose -2*j - 5*m = 7469 - 41789, 4*j - 3*m - 68614 = 0. Suppose 23*t + 24*t - j = 0. What is the hundreds digit of t?
3
Let x(o) = o**2 + 24*o + 68. Let r be x(-21). Let u be -2 + (-110)/(-10 + r). Suppose u*c - 25*c + 1195 = 0. What is the units digit of c?
9
Suppose 2*o + i - 38123 = 29434, 2*i = -3*o + 101334. What is the hundreds digit of o?
7
Suppose -5*r = -n - 17618, 73 - 10649 = -3*r - 2*n. What is the units digit of r?
4
Suppose -1045848 = -134*t + 1345918. What is the ten thousands digit of t?
1
Suppose 2*z = 3*n + 11, -z = -6*z + 4*n + 24. Suppose z*j + 203 + 2501 = 4*v, 4*v - 2674 = -2*j. What is the units digit of v?
1
Let t(n) = -21*n + 3. Let k(c) = -1. Suppose -5*x + 3*v = 45, 5*x - 2*v = -3*v - 45. Let m(f) = x*k(f) - t(f). What is the tens digit of m(5)?
1
Suppose -7*c - 19*c + 1354576 = 5*c. What is the units digit of c?
6
Suppose -35*j + 36*j - 82 = 0. Suppose 3*d - 6*d = -1896. Suppose -d = -6*u + j. What is the tens digit of u?
1
Let s be (1 - (-6 + 5))*2. Suppose -3*g + s*g = 5*v - 481, -4*v + 385 = -g. What is the tens digit of v?
9
Let y be (-2)/(-16) - 31/(-8). Suppose 0 = -0*u + 2*u - y. Suppose 2*o - 5*l = 330, 3*l - 887 = -3*o - u*o. What is the hundreds digit of o?
1
Let k(c) be the third derivative of -41*c**6/60 - c**5/60 - c**4/12 - c**3/6 + 33*c**2. Let a be k(-1). Let y = -2 + a. What is the tens digit of y?
8
Suppose -36*l - 220 = 42*l - 23*l. Let t(x) be the second derivative of -23*x**3/3 - 4*x**2 - x. What is the units digit of t(l)?
6
Let k be 47*28/(-8)*-2. Let n = k + -324. What is the units digit of n?
5
Let w(y) = 1369*y + 16. What is the hundreds digit of w(7)?
5
Suppose 3*c = 5*n - 277512, 9*n + 221952 = 13*n + 4*c. What is the units digit of n?
7
Let f(s) = -66*s + 2. Let g(q) = -6*q - 10. Let v(d) = -3*d - 5. Let o(c) = -3*g(c) + 7*v(c). Let p be o(-1). What is the hundreds digit of f(p)?
1
Let i be -6*(2/(-7) - 826/(-147)). Let k = i + 34. Suppose -2*x = 10, -4*d - 3*x = -k*x - 263. What is the units digit of d?
7
Suppose 12*t - 175009 + 5853 = 41960. What is the tens digit of t?
9
Let b(p) be the first derivative of -5*p**2/2 + 1. Suppose -11*d + 48*d + 666 = 0. What is the units digit of b(d)?
0
Suppose m = 3, 4*t - 3630 - 1023 = 5*m. Suppose 1173*o = t*o + 8802. What is the tens digit of o?
6
Let i(y) = -58*y + 2972. What is the units digit of i(8)?
8
Let m = -4658 - -18928. What is the thousands digit of m?
4
Let f be 0*2/(-2)*1. Let q be 7/(-63) - ((-724)/(-18))/(-2). Suppose f = 5*v - 4*v - q. What is the units digit of v?
0
What is the units digit of (14 - 8) + (3 - (1 + -94626))?
4
Let o(i) = 2*i - 20. Let m = -3 + 14. Let b be o(m). Suppose b*q + 3*r - 59 = -0*q, -5*r + 26 = q. What is the tens digit of q?
3
Suppose -52*f - 82*f = -4711842. What is the tens digit of f?
6
Let w(f) = -12*f + 16. Let r be w(-7). Suppose -9*j - r = j. What is the units digit of (-468)/j + 2/10?
7
Let a(w) = 2*w**3 - 6*w**2 + 10*w - 5. Let q = -16 + 20. Let h be a(q). Let s = -60 + h. What is the units digit of s?
7
Let l = 152 - 58. Suppose -3*d - l = -2056. What is the tens digit of d?
5
Let d(v) = 12*v**2 + 7*v - 4. Let l be d(4). Let o = l + -148. What is the tens digit of o?
6
Let y = 7988 - -4788. What is the hundreds digit of y?
7
Suppose 30*x = y + 28*x - 8300, -8303 = -y + 3*x. What is the thousands digit of y?
8
Let h(j) = j**3 + 17*j**2 + 6*j + 43. Let b be 3 + (-118)/6 - 4/(-6). What is the hundreds digit of h(b)?
2
Let z = -27007 - -38727. What is the hundreds digit of z?
7
Let u = 47 - 45. Let v = 28 + u. Suppose -171 = 29*d - v*d. What is the hundreds digit of d?
1
Let y = -59 - -58. What is the units digit of ((-31)/(-93))/(y/(-93))?
1
Let x = -1520 - -2284. Let l = x - -337. What is the units digit of l?
1
Let t = 1126 - -2107. Let n = t - 2187. What is the hundreds digit of n?
0
Suppose -614*j + 317*j = -312*j + 382125. What is the tens digit of j?
7
Suppose -i - 4*d + 17 = -8*d, -2*d = -2*i + 16. Suppose -25*a + 6060 = -i*a. What is the units digit of a?
3
Let a(h) = 5*h**2 + 2*h**2 - 18 - 12*h + 6 - 8*h**2. Let k(n) = -n**3 - 22*n**2 - 23*n - 49. Let u be k(-21). What is the tens digit of a(u)?
2
Suppose -65 = -6*y + 115. Let g = y + -20. Let p = 183 - g. What is the units digit of p?
3
Suppose 0*x = -4*x - 72. Suppose 25 = 5*z, 2*t - 25 + 39 = -4*z. Let a = t - x. What is the units digit of a?
1
Suppose -3*g - g = -4*r - 24, -5 = r. Let w be (2 - g) + -92 + 1. What is the units digit of (w/3)/(6/(-16))?
0
Let i = 54570 + -27084. What is the ten thousands digit of i?
2
Suppose -826200 = -562*i + 442*i. What is the hundreds digit of i?
8
Suppose -7*n - 8*n - 3180 = 0. What is the hundreds digit of n/(-2)*27/18?
1
Let u be (3/(-2))/(348/88 - 4). Suppose 103 = c + u. Let w = c + -49. What is the units digit of w?
1
Let i be (-1 - (-1)/2)/(1/116). Let s = i - -247. What is the hundreds digit of s?
1
Let n = 17866 - 6950. What is the thousands digit of n?
0
Suppose -3 = 3*w - 9. Let v be ((-8)/12)/(w/(-3)). What is the units digit of 50/40 + v/(-4)?
1
Let d(i) = -i**3 - i. Let v be d(-1). Suppose -13 = -v*t - 39. What is the units digit of (t - 2/(-2))*(-95)/15?
6
Suppose -27*z + 31*z = 12. Suppose 0 = -z*g - g + 24. What is the units digit of (53 + 1)/(((-18)/g)/(-3))?
4
Suppose 0 = -5*y - 5289 + 409. Let h = y - -1446. What is the hundreds digit of h?
4
Suppose 3*v + 4*s = 2*s + 5835, -s = 3. Suppose 20*b = 28727 - v. What is the hundreds digit of b?
3
Let p be 126/8 - (38/8 - 5). Let f be (p/12)/(4/522). Suppose 0 = -0*c + 6*c - f. What is the units